223103?
2
What is the thousands digit of 10349337?
9
What is the hundreds digit of 17772417?
4
What is the millions digit of 9252767?
9
What is the hundreds digit of 25796041?
0
What is the hundred thousands digit of 678899?
6
What is the ten thousands digit of 6590183?
9
What is the hundreds digit of 1360697?
6
What is the units digit of 125073?
3
What is the units digit of 14660078?
8
What is the hundred thousands digit of 793687?
7
What is the ten thousands digit of 728390?
2
What is the thousands digit of 61800?
1
What is the hundred thousands digit of 1227319?
2
What is the units digit of 9186678?
8
What is the ten thousands digit of 6419075?
1
What is the units digit of 1263619?
9
What is the ten thousands digit of 343083?
4
What is the tens digit of 4092758?
5
What is the tens digit of 317808?
0
What is the tens digit of 2466991?
9
What is the hundreds digit of 1482856?
8
What is the hundreds digit of 743610?
6
What is the ten thousands digit of 280807?
8
What is the tens digit of 4211214?
1
What is the hundreds digit of 222862?
8
What is the units digit of 348138?
8
What is the tens digit of 135407?
0
What is the thousands digit of 178627?
8
What is the thousands digit of 4569818?
9
What is the units digit of 12275716?
6
What is the thousands digit of 29559?
9
What is the tens digit of 17744359?
5
What is the thousands digit of 8091998?
1
What is the hundred thousands digit of 10765369?
7
What is the units digit of 376699?
9
What is the millions digit of 1824836?
1
What is the tens digit of 3122498?
9
What is the tens digit of 2550542?
4
What is the units digit of 7225539?
9
What is the hundred thousands digit of 32320140?
3
What is the tens digit of 83786?
8
What is the hundred thousands digit of 11321839?
3
What is the hundreds digit of 8244873?
8
What is the hundreds digit of 11630010?
0
What is the hundred thousands digit of 660436?
6
What is the hundred thousands digit of 4585551?
5
What is the thousands digit of 1194916?
4
What is the hundred thousands digit of 31209239?
2
What is the tens digit of 5058717?
1
What is the thousands digit of 2178958?
8
What is the tens digit of 1227049?
4
What is the units digit of 24627275?
5
What is the hundred thousands digit of 4583289?
5
What is the hundreds digit of 14034155?
1
What is the units digit of 781242?
2
What is the units digit of 2721348?
8
What is the millions digit of 1573299?
1
What is the hundreds digit of 1814508?
5
What is the thousands digit of 73312?
3
What is the thousands digit of 300506?
0
What is the thousands digit of 799029?
9
What is the thousands digit of 1435204?
5
What is the units digit of 2672318?
8
What is the thousands digit of 716662?
6
What is the tens digit of 6835824?
2
What is the hundred thousands digit of 171788?
1
What is the hundreds digit of 245475?
4
What is the thousands digit of 115826?
5
What is the hundred thousands digit of 370863?
3
What is the ten thousands digit of 19932044?
3
What is the tens digit of 242666?
6
What is the units digit of 10749011?
1
What is the ten thousands digit of 272892?
7
What is the units digit of 804220?
0
What is the ten thousands digit of 147105?
4
What is the units digit of 288273?
3
What is the hundreds digit of 6817076?
0
What is the thousands digit of 623932?
3
What is the thousands digit of 204271?
4
What is the units digit of 42136?
6
What is the tens digit of 662443?
4
What is the hundreds digit of 3697039?
0
What is the units digit of 75434?
4
What is the hundreds digit of 442038?
0
What is the units digit of 1033206?
6
What is the hundreds digit of 345753?
7
What is the thousands digit of 1857554?
7
What is the ten thousands digit of 678469?
7
What is the units digit of 1226239?
9
What is the tens digit of 682544?
4
What is the thousands digit of 478411?
8
What is the tens digit of 1383782?
8
What is the ten thousands digit of 676470?
7
What is the units digit of 9503638?
8
What is the hundred thousands digit of 6035868?
0
What is the ten thousands digit of 879226?
7
What is the units digit of 154776?
6
What is the thousands digit of 104219?
4
What is the ten thousands digit of 719088?
1
What is the hundred thousands digit of 264970?
2
What is the ten thousands digit of 1177277?
7
What is the thousands digit of 6659376?
9
What is the thousands digit of 1318524?
8
What is the thousands digit of 236739?
6
What is the hundreds digit of 1795753?
7
What is the hundreds digit of 7633623?
6
What is the thousands digit of 17309279?
9
What is the tens digit of 66335?
3
What is the ten thousands digit of 201735?
0
What is the units digit of 17317531?
1
What is the tens digit of 101916?
1
What is the hundred thousands digit of 1103593?
1
What is the hundreds digit of 31841?
8
What is the units digit of 131700?
0
What is the thousands digit of 280354?
0
What is the hundred thousands digit of 813868?
8
What is the tens digit of 98967?
6
What is the thousands digit of 129824?
9
What is the hundreds digit of 287967?
9
What is the tens digit of 53935?
3
What is the hundred thousands digit of 659977?
6
What is the millions digit of 3833956?
3
What is the thousands digit of 220816?
0
What is the units digit of 228585?
5
What is the hundreds digit of 4333737?
7
What is the tens digit of 2252706?
0
What is the units digit of 285514?
4
What is the units digit of 284313?
3
What is the thousands digit of 5936741?
6
What is the thousands digit of 4280923?
0
What is the units digit of 19806922?
2
What is the tens digit of 137618?
1
What is the hundred thousands digit of 35041909?
0
What is the units digit of 1106846?
6
What is the ten thousands digit of 488132?
8
What is the thousands digit of 801893?
1
What is the ten thousands digit of 65909?
6
What is the hundreds digit of 205760?
7
What is the tens digit of 12208701?
0
What is the thousands digit of 582991?
2
What is the ten thousands digit of 99178?
9
What is the ten thousands digit of 95845?
9
What is the hundreds digit of 1877203?
2
What is the millions digit of 3163317?
3
What is the millions digit of 12339194?
2
What is the millions digit of 7279084?
7
What is the units digit of 1467204?
4
What is the tens digit of 799844?
4
What is the ten thousands digit of 2918452?
1
What is the tens digit of 15985923?
2
What is the thousands digit of 244414?
4
What is the thousands digit of 2926688?
6
What is the hundred thousands digit of 495843?
4
What is the tens digit of 31599912?
1
What is the ten thousands digit of 3013786?
1
What is the units digit of 250712?
2
What is the ten thousands digit of 108594?
0
What is the tens digit of 87550?
5
What is the hundred thousands digit of 24182844?
1
What is the hundred thousands digit of 4502024?
5
What is the units digit of 1892207?
7
What is the hundred thousands digit of 138159?
1
What is the hundreds digit of 15373?
3
What is the tens digit of 31682954?
5
What is the hundreds digit of 15674242?
2
What is the ten thousands digit of 282924?
8
What is the hundred thousands digit of 619826?
6
What is the units digit of 260531?
1
What is the tens digit of 76323?
2
What is the tens digit of 3749490?
9
What is the hundreds digit of 1417960?
9
What is the thousands digit of 1101599?
1
What is the hundred thousands digit of 160168?
1
What is the thousands digit of 19242?
9
What is the millions digit of 1170702?
1
What is the hundred thousands digit of 4930975?
9
What is the hundreds digit of 788347?
3
What is the units digit of 291740?
0
What is the tens digit of 155358?
5
What is the hundred thousands digit of 8273945?
2
What is the ten millions digit of 22078890?
2
What is the thousands digit of 940133?
0
What is the thousands digit of 55162?
5
What is the millions digit of 4095681?
4
What is the tens digit of 230775?
7
What is the millions digit of 1458770?
1
What is the thousands digit of 1922264?
2
What is the hundreds digit of 2521592?
5
What is the units digit of 224748?
8
What is the thousands digit of 682869?
2
What is the hundred thousands digit of 1189423?
1
What is the hundred thousands digit of 23958607?
9
What is the ten thousands digit of 839195?
3
What is the tens digit of 2546752?
5
What is the millions digit of 1269813?
1
What is the hundreds digit of 15211603?
6
What is the hundreds digit of 771089?
0
What is the tens 